s of (1 + (-84)/(-4))*d/(-4)?
3, 11
Suppose -12*s = -4874 - 2986. Suppose 48*i = 53*i - s. What are the prime factors of i?
131
Let n = 24 + -8. Let k = n + -11. Suppose 0*y = k*y - 175. List the prime factors of y.
5, 7
Let o(f) = 2*f**3 + 5*f**2 + 13*f - 45. List the prime factors of o(7).
977
Suppose 11*m - 2596 = 7*m - l, l - 3245 = -5*m. What are the prime factors of m?
11, 59
Suppose -42*z + 41*z + 133 = 0. Suppose -4*f = 4*w - 3*w - z, 0 = 4*f + 2*w - 134. What are the prime factors of f?
3, 11
Suppose 923 - 2568 = -7*a. What are the prime factors of a?
5, 47
Let r = -2 + 10. Suppose -r*g + 12 = -5*g. Suppose g*d = d + 102. List the prime factors of d.
2, 17
Let v(a) = 4*a + 13. Let k = 56 - 53. What are the prime factors of v(k)?
5
Suppose -5*t = -10*t - 15. What are the prime factors of -2 + 95 + -2 + t?
2, 11
Let m = -94 + 58. Let q = -31 - m. Suppose -q*u + 206 + 54 = 0. List the prime factors of u.
2, 13
Let t = -15 + 17. Suppose -p + t = -32. Suppose i = 2*i - p. List the prime factors of i.
2, 17
Suppose -11*w - 13445 = -16*w + 5*m, 5374 = 2*w - m. List the prime factors of w.
3, 5, 179
Suppose -g = -3*g - j + 173, -331 = -4*g + j. List the prime factors of g/(6*2/18).
2, 3, 7
Suppose -5*b + 240 = 5*i, 0*b + 4*b + 224 = 4*i. Let j = i + -21. What are the prime factors of j?
31
Let t be 288/132 - 2/11. Suppose -r = 4*o - 5*r - 24, t*r + 21 = 5*o. Let m = o + 19. What are the prime factors of m?
2, 11
Let b be ((-18)/10)/(38/(-5) + 7). Suppose -b*q = 29 - 608. What are the prime factors of q?
193
Let o = -20 + 24. Suppose -2 = -2*s - o, -5*s = -2*w + 53. List the prime factors of w.
2, 3
Suppose -1 = 4*d - 5*d. Let m(b) = -b**3 - 3*b**2 - 3*b. Let g be m(-4). What are the prime factors of -1 - (d + g*-1)?
2, 13
Let v = 24 - 21. Suppose v*c + 216 = 3*d, c + 2*c = -2*d + 149. What are the prime factors of d?
73
Suppose u - 13 + 6 = 0. Suppose -56 = u*p - 1491. Suppose -5*x - 5*o + p = -x, -3*x + 145 = 2*o. List the prime factors of x.
3, 5
List the prime factors of 3973 + -6 - -6 - (-45)/9.
2, 3, 13, 17
Suppose 3*p = -0*p + 51. Let q be (p - -1)/((-16)/56). Let o = -22 - q. What are the prime factors of o?
41
Let n = -1 + 7. What are the prime factors of 9/6*184/n?
2, 23
Suppose 0 = -4*h + y - 2 - 3, h + 2*y = 10. Suppose 0 = -5*l - 2*v + 613, h*l - 5*l + 619 = -4*v. What are the prime factors of l?
3, 41
Let a = 28 - 24. Let q(t) = t**3 - 10*t**2 + 4. Let n be q(10). Suppose a = n*c - 3*c. List the prime factors of c.
2
Let k(h) = 84*h - 898. List the prime factors of k(11).
2, 13
Let p(m) = 8 - 30 + 13 - 23*m + 21. What are the prime factors of p(-5)?
127
Suppose -2*b - 21925 = -5*m + 3*b, 2 = -b. What are the prime factors of m?
3, 487
Let b be 2 - 0 - (3 - 4/1). What are the prime factors of b/(3/888*4*2)?
3, 37
Let h(t) = -2*t - 1. Suppose -22*z + 3 = -19*z. Let c be h(z). What are the prime factors of c + 58 - 3*-1?
2, 29
Let m be -8 + 3 - 2/(0 + 1). Let w(k) be the second derivative of -k**3/3 - 4*k**2 - k. What are the prime factors of w(m)?
2, 3
Let m(a) = -8 - 3*a**2 - 2*a + 4 + 12*a**2 + 4*a. Let x be m(-3). Let p = 103 - x. What are the prime factors of p?
2
Let o = -263 - -180. Let t = 228 + o. What are the prime factors of t?
5, 29
What are the prime factors of 344/(-43) - (-2043 - -1)?
2, 3, 113
Let j(d) = -d**2 + 12*d + 15. Let n be j(13). Suppose -n*m - m - 4*t = 0, t + 19 = 4*m. Suppose 48 = m*x + 4*o, 1 = 2*o - 1. What are the prime factors of x?
11
Let k(v) = -2*v**3 + 10*v**2 + 17*v + 17. What are the prime factors of k(-5)?
2, 3
Suppose -5*t - 5*z = -4*t - 743, -2*t + 1511 = 5*z. List the prime factors of t.
2, 3
Let h be -842*6/12 - -5. Let d = h + 628. What are the prime factors of d?
2, 53
Let v be (4/10)/(7/420). Suppose t - v = 3*t. List the prime factors of (-50)/t + 13/(-78).
2
Suppose 0 = 4*w + 148 - 1500. Let r = -222 + w. What are the prime factors of r?
2, 29
Let d = -1076 - -1688. What are the prime factors of d?
2, 3, 17
Suppose q - 43 = 5*m + 117, 0 = -2*q + 2*m + 328. List the prime factors of q.
3, 5, 11
Let a be (49 + -13)*30/8. Suppose j + 48 = a. What are the prime factors of j?
3, 29
Let b be (5 - 1)*1/2. List the prime factors of (-1*74/4)/((-1)/b).
37
Suppose -6776 - 1088 = -4*l - 4*i, -4*l + 2*i = -7858. List the prime factors of l.
3, 5, 131
Suppose 5*v = 5*t + 4*v - 9, 4*t + 2*v - 10 = 0. Suppose -3*u + 185 = 4*m, 3*m = t*m - 4*u + 43. List the prime factors of m.
47
Let d be (-14)/(-35) - (-3789)/15. Suppose 2*x = -4*h + 178, -4*x + d = -2*h - 63. Suppose 5*o - 53 - 162 = -5*a, -o = 2*a - x. What are the prime factors of a?
2, 19
Let i(z) = -z**3 - 3*z**2 - 2*z + 1. Let a be i(-2). Suppose 68*q = 47*q - 84. List the prime factors of a*((-22)/(-2) + q).
7
Let a(q) = -27*q + 27*q + 1 + 6*q**2. List the prime factors of a(-3).
5, 11
Suppose 124 = z + 3*v, -v - 4 = -2*v. What are the prime factors of z?
2, 7
Let l(a) = -2*a + 47. Let q be l(-14). Suppose k + 9 - q = 0. List the prime factors of k.
2, 3, 11
Let a = -489 + 811. What are the prime factors of a?
2, 7, 23
Let o be ((-76*1)/(-4))/1. Suppose -g + 2*w - o = -2*g, g + 4*w = 21. Suppose 2*m = z - 4 - g, -m = 2*z - 67. What are the prime factors of z?
31
What are the prime factors of 1 + 622 + (1 - 3 - -9)?
2, 3, 5, 7
Let z = -378 + 549. Let h = 298 - z. Suppose 3*f - 2*j - h = 0, 6*j = f + j - 25. What are the prime factors of f?
3, 5
Let b be 27/15 + -2 + (-19)/5. List the prime factors of ((-2)/(-3))/(b/(-114)).
19
Let i(p) be the first derivative of 2*p**3/3 + 2*p**2 + 2*p - 5. Let f be i(-2). Suppose 2*a + f*a - 48 = 0. List the prime factors of a.
2, 3
Suppose -2*r - 4 = 0, -4*r = 3*v - 2*v + 48. Let p = v - 4. Let c = -23 - p. What are the prime factors of c?
3, 7
Suppose 48*o = 45*o + 126. Suppose o*j - 392 = 38*j. List the prime factors of j.
2, 7
Suppose -o - p + 2*p + 4278 = 0, -2*p - 21399 = -5*o. What are the prime factors of o?
3, 1427
Let p = 169 + -94. List the prime factors of 360/p*(-35)/(-2).
2, 3, 7
Let c = -90 + 40. Suppose 0 = 5*h - 5*m + 155, -5*h - 6 - 140 = 4*m. List the prime factors of 10/h + c/(-6).
2
Let x(i) = -2*i**3 - i**2 + 2*i**3 - 2*i**3 + i**3. Let p be x(1). What are the prime factors of p/(-7) + (-1878)/(-42)?
3, 5
Let r = 450 - 62. List the prime factors of r.
2, 97
Suppose -v + 368 = -u, 417 + 323 = 2*v - 3*u. List the prime factors of v.
2, 7, 13
Suppose -15 = -5*z - 2*g, 2*z = -z - 4*g + 9. Let c(h) = -2 + 2*h**2 + 0 + z - 7*h - 3*h**2. List the prime factors of c(-4).
13
Suppose 41*b + 29372 = 155529. List the prime factors of b.
17, 181
Suppose -4*u + 480 = -4*p, 2*u + 264 = 4*u + 4*p. List the prime factors of u.
2, 31
Let r(n) = 26*n - 1. Let a be (-4 - -5) + -4 - 3. Let s be (-6 - -5)/(2/a). List the prime factors of r(s).
7, 11
Let o = -290 - -1798. List the prime factors of o.
2, 13, 29
Let l(z) = -z**3 + 10*z**2 - 9*z + 4. Let v be l(9). Suppose v = 3*c - 2. List the prime factors of (c/5)/((-7)/(-385)).
2, 11
Let l be (6 - (0 + 3)) + -1. Suppose -h = l*q - 15 - 83, 3*h + 129 = 3*q. Let x = q - 25. List the prime factors of x.
2, 11
Let h = 498 + -233. What are the prime factors of h?
5, 53
Let c(t) = -2*t**3 + 21. Let i be c(0). List the prime factors of (-7)/(i/(-9)) + 41.
2, 11
Suppose -185*c - 31108 = -207*c. What are the prime factors of c?
2, 7, 101
Suppose -10*f + 8*f = 14. List the prime factors of 50 + 0 + (f - -5).
2, 3
Suppose 0 = b + 4*b. Suppose 2*i + b + 4 = 0. Let s = i + 16. List the prime factors of s.
2, 7
Suppose -11 = -a - 6. Let l = a + 43. What are the prime factors of l?
2, 3
Suppose 2*y = 4*k - 2990, -2*k + 1267 + 225 = -4*y. What are the prime factors of k?
2, 11, 17
Let g be 33/(-1 + -1 + 3). Let i = 37 - g. Suppose -40 = i*q - 9*q. List the prime factors of q.
2
Let a(m) = -m**3 + 7*m**2 - 2*m - 2. Let l = -4 - -10. Suppose l*o - 4*q = 2*o + 4, -3*o - 5*q = -43. What are the prime factors of a(o)?
2, 11
List the prime factors of ((-99)/(-6))/(-7 + (-27245)/(-3890)).
11, 389
Suppose 5*g + 7*m - 3990 = 2*m, -5*g + 5*m + 3970 = 0. List the prime factors of g.
2, 199
Let l(i) = -2*i - 10. Let w be -2 + 2 - -2 - -33. Suppose 3*q + 2*v = -40, 3*v = -q - q - w. What are the prime factors of l(q)?
2, 5
Let o be (8/(-10))/(-1)*5. Let l be (4/(8/6))/((-6)/(-28)). 